-55 = -r + 3*h. What is the remainder when r is divided by 25?
20
Let y = -1 + 16. Calculate the remainder when y is divided by 6/4 + 182/28.
7
Let u be (16/2)/((-3)/3). Let k = u - -11. Suppose 3*z + 14 = 6*z + 5*a, k*z - 54 = 3*a. What is the remainder when 37 is divided by z?
11
What is the remainder when 38 - (15/(-5) + 6) is divided by 15?
5
Let x(c) = 4*c - 1. What is the remainder when x(14) is divided by 10?
5
Suppose -211 = -4*v - k + 46, 0 = 5*v - 3*k - 317. What is the remainder when v is divided by 18?
10
Let a(j) be the second derivative of 11*j**5/10 + j**2/2 - j. What is the remainder when a(1) is divided by 13?
10
What is the remainder when (-12)/((-1)/1) - (6 + -8) is divided by 4?
2
Let s(k) be the second derivative of k**4/12 + 5*k**3/6 - 4*k**2 + 14*k. Let b(t) = t - 15. Let l be b(7). What is the remainder when 62 is divided by s(l)?
14
Let h be 2*2*(-268)/(-16). Let w = -48 + h. Suppose -y + 2*t = -0*y - 17, 2*y = t + 19. What is the remainder when w is divided by y?
5
Suppose -6*s - 115 = -s. Let d = 39 + s. Calculate the remainder when (-140)/(-3) - 4/6 is divided by d.
14
Suppose 5*l = -v + 112, 3*l - 81 = 5*v - v. Calculate the remainder when 45 is divided by l.
22
Let k = -130 - -138. Suppose -3*n + 5*h + 57 = -35, n + 5*h - 24 = 0. What is the remainder when n is divided by k?
5
Let s = -19 + 24. Suppose o = -s*o + 12. What is the remainder when 7 is divided by o?
1
Let t(l) = -l**3 - 10*l**2 + 13*l + 14. Let h be t(-10). What is the remainder when h*1/((-8)/6) is divided by 18?
15
Suppose 0 = v - 3 - 20. Let g(x) = -x**2 + 5*x + 8. Calculate the remainder when v is divided by g(0).
7
Let a(f) = 14*f**3 - 2*f**2 + 1. Let m be a(-1). Let c = m - -19. Calculate the remainder when 7 is divided by c.
3
Let w = -277 - -394. Calculate the remainder when w is divided by 24.
21
Let l(m) = 2*m - 8. What is the remainder when 20 is divided by l(8)?
4
Suppose 9 = -0*y + 3*y. Suppose y*h - 205 = -h + t, 3*t = 5*h - 265. What is the remainder when h is divided by 17?
16
Let d be 6/(1 - 57/66). Suppose -5*t + t = d. Let k = 26 + t. Calculate the remainder when 29 is divided by k.
14
Let w(f) = 16*f**2 + f. Let v be w(1). Let a = 52 - v. Suppose 3*p = -2*p + a. What is the remainder when 13 is divided by p?
6
Let i = 5 - 2. Suppose 2*k - 2*u + 8 = 36, 4*u + 45 = i*k. Calculate the remainder when k is divided by 6.
5
Let p be -4*2/(-8)*6. Let a(t) = -3*t**2 - 9*t - t**3 - p + 2 - 4*t**2. Calculate the remainder when a(-6) is divided by 8.
6
Let t(j) = 5*j**2 - 2*j + 2. Let k be t(2). Suppose -k = 4*z - 54. What is the remainder when z is divided by 3?
0
Suppose 0*a - 4*a - r + 65 = 0, r - 1 = 0. Calculate the remainder when a is divided by 5.
1
Let g(c) = 2*c**2 - 3*c + 3. Let f = -71 + 82. What is the remainder when g(-3) is divided by f?
8
Let d(u) = -4*u - 4. Let c be 9*-1 + (-12)/(-4). Calculate the remainder when 79 is divided by d(c).
19
Suppose 26*y = 30*y - 172. What is the remainder when y is divided by 16?
11
Suppose -144 = -5*a + 201. Calculate the remainder when a is divided by 24.
21
Let p(o) = o**3 + o**2 - 2. Let x be p(2). Suppose 3*i = m - x, -i = -5*m + i + 50. Suppose b = 27 + 10. What is the remainder when b is divided by m?
7
Suppose -29 = -5*l - 2*n, l - 2*l = n - 7. What is the remainder when 17 is divided by l?
2
Let s = -6 - -8. Suppose -s*u = 5*p - 85 + 5, -28 = -p + 2*u. Suppose 5*a - 10*a = -170. Calculate the remainder when a is divided by p.
16
What is the remainder when 10 is divided by (7/(-2) - -5)*20/6?
0
Let g = 18 + 0. Calculate the remainder when 33 is divided by g.
15
Let b = 3 - -7. Calculate the remainder when b is divided by 9.
1
Let x = 17 - 21. What is the remainder when 2/(-4) + (-126)/x is divided by 11?
9
Let k(h) = -2*h - 12. Let y be k(-9). Suppose 63 = -3*a + y*a. Calculate the remainder when a is divided by 11.
10
Let f be ((-12)/(-20))/((-2)/10). Suppose -2*b = -0*b - 14. Let a = b + f. Calculate the remainder when 6 is divided by a.
2
Let w = -44 + 81. What is the remainder when 14 is divided by w/7 + (-10)/35?
4
Suppose 1 = 2*l - 3. Calculate the remainder when (-1 - -5) + (6 + -10 - -2) is divided by l.
0
Suppose -r - 12 = 5*h, -3*r + 5*h - 7*h = -3. Calculate the remainder when 13 is divided by r.
1
What is the remainder when (2/5)/((-13)/(-65)) is divided by 2?
0
Let r = 3 - 4. Calculate the remainder when 9 is divided by ((-1)/(-3))/(r/(-12)).
1
Suppose -3 = -3*m + 3. Calculate the remainder when m is divided by 2.
0
Let c(j) = -15*j + 1 + 15*j**3 - 15*j**2 - 7 - 16*j**3. Let h(d) = d**3 - 4*d**2 - 2*d + 7. Calculate the remainder when h(5) is divided by c(-14).
6
Suppose -2*p = 5*f - 75, 5*f - 26 - 19 = -p. Calculate the remainder when p is divided by 11.
8
Let n(j) = -5*j + 7. Let g be n(-10). Let v = 100 - g. Calculate the remainder when v is divided by 15.
13
Suppose s = -s + 12. Let h be 16/(-12) - 4/s. What is the remainder when 6 is divided by (h - 0)/2 - -5?
2
Let b = -63 + 67. Calculate the remainder when b is divided by -3*(-1)/(6/4).
0
Suppose -l = -2*l + 7. What is the remainder when 25 is divided by l?
4
Suppose 2*s = 5*b - 19 - 2, -s = -b + 3. What is the remainder when 2 is divided by s?
0
Let o be ((-3)/5)/(2/(-10)). Suppose 4*t + 21 = r, t = 2*r - o*t - 42. Calculate the remainder when r is divided by 6.
3
What is the remainder when 27 is divided by 0*(-3)/12 + 15?
12
Let v = 140 - 100. Let l = -6 + 4. What is the remainder when v is divided by l/(-3) + 80/6?
12
Let k = -65 + 93. What is the remainder when 192 is divided by k?
24
Suppose 3*t = 3*p - 138, -3*p + 4 = -2*t - 132. Calculate the remainder when 174 is divided by p.
42
Suppose -9*m = -8*m - 53. Calculate the remainder when m is divided by 29.
24
Let y(f) = -f**3 + f**2 + 53. Calculate the remainder when y(0) is divided by 18.
17
Let d(w) be the second derivative of w**4/12 - 5*w**2/2 + 2*w. Let h(u) = 3*u**2 - 2*u + 3. What is the remainder when h(4) is divided by d(-4)?
10
Suppose 0 = 2*h - 37 + 13. What is the remainder when 34 is divided by h?
10
Suppose -107*q + 68 = -105*q. Calculate the remainder when 67 is divided by q.
33
Let v be 1/(3*3/54). Suppose 7*z - v*z = 4. Let k = z - 1. Calculate the remainder when k is divided by 2.
1
Suppose -2*s + 6 = 4*m, 13 - 5 = 3*m - 2*s. Let t(z) = z - 8. Let q be t(6). Calculate the remainder when m is divided by (-1)/(q*1/4).
0
Let j(n) = 10*n + 16. Calculate the remainder when j(5) is divided by 26.
14
Suppose 0 = -16*z + 6*z + 440. What is the remainder when 84 is divided by z?
40
Let o(p) = -p - 2. Let h be o(-9). Suppose -2*i = -2*c + 20, 0 = -h*c + 2*c + 3*i + 60. Let r = 30 - c. What is the remainder when 44 is divided by r?
14
Let z = -40 - -110. Calculate the remainder when z is divided by 18.
16
Let f be -1 + 7 - 2/2. Let b(s) = 194*s**3 + s. Let t be b(1). Suppose -2*d - t = -f*d. What is the remainder when d is divided by 22?
21
Let b(k) = -k - 5. Let x = -15 - -41. Calculate the remainder when x is divided by b(-19).
12
Let g = -7 - -13. Calculate the remainder when 16 is divided by g/18 + (-26)/(-3).
7
Let h(u) = -u**3 + 11*u**2 - 11*u - 5. Calculate the remainder when h(9) is divided by 21.
16
Let s = 8 - -1. Suppose -3*f + 9 = -s. What is the remainder when 10 is divided by f?
4
Suppose 4*k = 3*k + 2*h + 14, 3*k = -3*h - 3. Let i be 1 + (2 - k) + -1. What is the remainder when 2 is divided by -1*(i/(-1))/(-2)?
0
Suppose -2*k - k = -60. Suppose -2*r + 15 = -61. What is the remainder when r is divided by k?
18
Suppose -4*p + 64 + 412 = 0. Calculate the remainder when p is divided by 30.
29
Suppose 0 = -2*b + l - 18 + 85, 5*l = 15. What is the remainder when 139 is divided by b?
34
Let s be (-13)/(-3) - (-4)/6. Let y = 85 + -16. Suppose -41 - y = -s*g. What is the remainder when g is divided by 12?
10
Let r be (8 + -6)/((-2)/2). Let f be -4*(-1)/((-4)/(-1)). Let b = f - r. Calculate the remainder when 8 is divided by b.
2
Let l(j) = j**2 - 3*j - 2. Suppose 0*v + 1 = -5*v + 2*a, v - 3*a + 8 = 0. What is the remainder when l(4) is divided by v?
0
Let j(i) = 33*i**2 - i. What is the remainder when j(1) is divided by -33*(-3)/((-18)/(-2))?
10
Let w(j) be the second derivative of -j**4/12 + 4*j**2 + 3*j. Calculate the remainder when 21 is divi